{"id":55,"date":"2016-11-02T06:46:05","date_gmt":"2016-11-02T06:46:05","guid":{"rendered":"http:\/\/www.jtbs.pl\/?page_id=55"},"modified":"2016-11-18T09:22:26","modified_gmt":"2016-11-18T09:22:26","slug":"galeria","status":"publish","type":"page","link":"http:\/\/www.jtbs.pl\/?page_id=55","title":{"rendered":"Galeria"},"content":{"rendered":"<p><strong>Galeria mieszka\u0144<\/strong><\/p>\n<p><a href=\"http:\/\/www.jtbs.pl\/?page_id=148\">1 pi\u0119tro<br \/>\n<\/a><a href=\"http:\/\/www.jtbs.pl\/?page_id=170\">2 pi\u0119tro<\/a><br \/>\n<a href=\"http:\/\/www.jtbs.pl\/?page_id=190\">3 pi\u0119tro<\/a><\/p>\n<p><strong>Rzut ca\u0142o\u015bciowy pi\u0119ter<\/strong><em><br \/>\n(ze wzgl\u0119du na rozmiar pliku zalecamy zapisa\u0107 zawarto\u015b\u0107 odno\u015bnika i otworzy\u0107 go offline)<\/em><\/p>\n<p><a href=\"http:\/\/www.jtbs.pl\/wp-content\/uploads\/2016\/11\/I-PI\u0118TRO-DESERTO.pdf\">1 pi\u0119tro<br \/>\n<\/a><a href=\"http:\/\/www.jtbs.pl\/wp-content\/uploads\/2016\/11\/II-PI\u0118TRO-DESERTO.pdf\">2 pi\u0119tro<\/a><br \/>\n<a href=\"http:\/\/www.jtbs.pl\/wp-content\/uploads\/2016\/11\/III-PI\u0118TRO-DESERTO.pdf\">3 pi\u0119tro<\/a><\/p>\n","protected":false},"excerpt":{"rendered":"<p>Galeria mieszka\u0144 1 pi\u0119tro 2 pi\u0119tro 3 pi\u0119tro Rzut ca\u0142o\u015bciowy pi\u0119ter (ze wzgl\u0119du na rozmiar pliku zalecamy zapisa\u0107 zawarto\u015b\u0107 odno\u015bnika i otworzy\u0107 go offline) 1 pi\u0119tro 2 pi\u0119tro 3 pi\u0119tro<\/p>\n","protected":false},"author":1,"featured_media":0,"parent":37,"menu_order":0,"comment_status":"closed","ping_status":"closed","template":"","meta":{"footnotes":""},"class_list":["post-55","page","type-page","status-publish","hentry"],"_links":{"self":[{"href":"http:\/\/www.jtbs.pl\/index.php?rest_route=\/wp\/v2\/pages\/55","targetHints":{"allow":["GET"]}}],"collection":[{"href":"http:\/\/www.jtbs.pl\/index.php?rest_route=\/wp\/v2\/pages"}],"about":[{"href":"http:\/\/www.jtbs.pl\/index.php?rest_route=\/wp\/v2\/types\/page"}],"author":[{"embeddable":true,"href":"http:\/\/www.jtbs.pl\/index.php?rest_route=\/wp\/v2\/users\/1"}],"replies":[{"embeddable":true,"href":"http:\/\/www.jtbs.pl\/index.php?rest_route=%2Fwp%2Fv2%2Fcomments&post=55"}],"version-history":[{"count":9,"href":"http:\/\/www.jtbs.pl\/index.php?rest_route=\/wp\/v2\/pages\/55\/revisions"}],"predecessor-version":[{"id":198,"href":"http:\/\/www.jtbs.pl\/index.php?rest_route=\/wp\/v2\/pages\/55\/revisions\/198"}],"up":[{"embeddable":true,"href":"http:\/\/www.jtbs.pl\/index.php?rest_route=\/wp\/v2\/pages\/37"}],"wp:attachment":[{"href":"http:\/\/www.jtbs.pl\/index.php?rest_route=%2Fwp%2Fv2%2Fmedia&parent=55"}],"curies":[{"name":"wp","href":"https:\/\/api.w.org\/{rel}","templated":true}]}}